are the prime factors of 8025506081?
17, 23, 29, 30773
What are the prime factors of 695032802?
2, 349, 659, 1511
What are the prime factors of 35031324?
2, 3, 61, 47857
What are the prime factors of 63871018?
2, 31935509
List the prime factors of 3872136541.
7, 13, 43, 989557
List the prime factors of 48241537.
48241537
What are the prime factors of 536953856?
2, 524369
What are the prime factors of 3562334719?
19, 2797, 67033
List the prime factors of 58943460.
2, 3, 5, 461, 2131
What are the prime factors of 2423670068?
2, 193, 211, 14879
What are the prime factors of 29175953?
29175953
What are the prime factors of 79460318?
2, 7, 19, 298723
List the prime factors of 73012537.
13, 311, 18059
What are the prime factors of 74601254?
2, 7, 13, 409897
What are the prime factors of 1135804995?
3, 5, 13, 1941547
List the prime factors of 2182727422.
2, 31, 35205281
What are the prime factors of 11105663?
1327, 8369
What are the prime factors of 142992649?
29, 83, 59407
List the prime factors of 65548871.
65548871
List the prime factors of 71503521.
3, 23834507
What are the prime factors of 2478180934?
2, 1239090467
What are the prime factors of 2896413085?
5, 579282617
List the prime factors of 189009158.
2, 13, 131, 211, 263
List the prime factors of 81460594.
2, 29, 127, 11059
List the prime factors of 60050224.
2, 13, 31, 67, 139
List the prime factors of 253178230.
2, 5, 19, 1332517
List the prime factors of 775346500.
2, 5, 1550693
What are the prime factors of 437838718?
2, 23, 263, 36191
List the prime factors of 137911507.
137911507
List the prime factors of 592093939.
127, 499, 9343
What are the prime factors of 65887160?
2, 5, 1647179
List the prime factors of 452712594.
2, 3, 75452099
What are the prime factors of 88375444?
2, 1531, 14431
List the prime factors of 1295926168.
2, 23, 7043077
What are the prime factors of 314813218?
2, 3853, 40853
What are the prime factors of 6537563537?
17, 7867, 48883
List the prime factors of 243516702.
2, 3, 11, 13, 463, 613
List the prime factors of 380015981.
380015981
What are the prime factors of 13677656?
2, 17, 163, 617
List the prime factors of 43676340.
2, 3, 5, 727939
List the prime factors of 567318277.
2521, 225037
What are the prime factors of 50661325?
5, 11, 13, 37, 383
What are the prime factors of 526821593?
526821593
What are the prime factors of 1238183736?
2, 3, 51590989
List the prime factors of 259980911.
29, 31, 289189
What are the prime factors of 300200714?
2, 11, 31, 440177
List the prime factors of 29293742.
2, 14646871
List the prime factors of 5350717.
157, 173, 197
List the prime factors of 277113112.
2, 691, 50129
What are the prime factors of 1888461132?
2, 3, 157371761
List the prime factors of 12702853.
12702853
List the prime factors of 99354034.
2, 13, 79, 48371
What are the prime factors of 383432030?
2, 5, 79, 569, 853
List the prime factors of 534811307.
443, 1207249
What are the prime factors of 195308368?
2, 12206773
What are the prime factors of 141873904?
2, 71, 1759
List the prime factors of 247038404.
2, 61759601
What are the prime factors of 115471701?
3, 17, 754717
What are the prime factors of 371970922?
2, 31, 1481, 4051
List the prime factors of 1207361264.
2, 23, 233, 14081
What are the prime factors of 297134166?
2, 3, 7, 7074623
What are the prime factors of 40053877?
40053877
List the prime factors of 304567627.
7, 13, 53, 63149
What are the prime factors of 291701082?
2, 3, 29, 47, 53, 673
What are the prime factors of 125874898?
2, 62937449
What are the prime factors of 762495428?
2, 409, 466073
What are the prime factors of 82982010?
2, 3, 5, 409, 6763
What are the prime factors of 2154360839?
257, 8382727
What are the prime factors of 1271102278?
2, 635551139
What are the prime factors of 1165888951?
17, 31, 281, 7873
What are the prime factors of 83915657?
7, 11987951
What are the prime factors of 40451649?
3, 7, 1926269
List the prime factors of 51549988.
2, 7, 1841071
List the prime factors of 789085147.
53, 14888399
What are the prime factors of 49652700?
2, 3, 5, 19, 31, 281
List the prime factors of 1059732604.
2, 7, 17, 557, 571
What are the prime factors of 4620133683?
3, 11, 4242547
What are the prime factors of 158140953?
3, 17, 1033601
List the prime factors of 3993941511.
3, 7, 53, 61, 19609
List the prime factors of 641872197.
3, 71319133
What are the prime factors of 100120916?
2, 7, 197, 2593
What are the prime factors of 1447310035?
5, 547, 529181
List the prime factors of 3545315029.
101, 35102129
List the prime factors of 2080386436.
2, 520096609
List the prime factors of 608974726.
2, 23, 31, 509, 839
What are the prime factors of 59358329?
59358329
What are the prime factors of 841966778?
2, 420983389
What are the prime factors of 57799801?
47, 1229783
List the prime factors of 196174550.
2, 5, 11, 13, 27437
What are the prime factors of 225192968?
2, 7, 11, 13, 61, 461
What are the prime factors of 471330633?
3, 373, 421207
List the prime factors of 3776163353.
37, 2758337
List the prime factors of 29745964.
2, 7436491
List the prime factors of 43673236.
2, 71, 103, 1493
List the prime factors of 40724447.
191, 213217
What are the prime factors of 51415973?
7, 17, 432067
What are the prime factors of 41692201?
2857, 14593
List the prime factors of 49547954.
2, 43, 571, 1009
List the prime factors of 303771836.
2, 67, 1133477
What are the prime factors of 46725696?
2, 3, 23, 3527
What are the prime factors of 167589534?
2, 3, 7, 31, 128717
What are the prime factors of 155220462?
2, 3, 19, 211, 239
What are the prime factors of 35591011?
89, 399899
What are the prime factors of 99165713?
887, 111799
What are the prime factors of 39711124?
2, 31, 41, 73, 107
List the prime factors of 1121163729.
3, 7, 67, 796847
List the prime factors of 318361247.
17627, 18061
What are the prime factors of 172491650?
2, 5, 683, 5051
What are the prime factors of 81738428?
2, 20434607
What are the prime factors of 1214249045?
5, 242849809
List the prime factors of 426274966.
2, 13, 17, 964423
What are the prime factors of 160990328?
2, 149, 135059
What are the prime factors of 41218499?
7, 31, 189947
What are the prime factors of 104970585?
3, 5, 6998039
List the prime factors of 137476447.
73, 1093, 1723
List the prime factors of 59121655.
5, 2467, 4793
What are the prime factors of 522937537?
1889, 276833
What are the prime factors of 2166401209?
7, 309485887
What are the prime factors of 47102182?
2, 89, 264619
What are the prime factors of 504720042?
2, 3, 293, 287099
What are the prime factors of 106829586?
2, 3, 137, 43321
List the prime factors of 50960606.
2, 25480303
What are the prime factors of 391573652?
2, 43, 2276591
What are the prime factors of 649756063?
11, 31, 1905443
List the prime factors of 1047791725.
5, 811, 51679
List the prime factors of 2914230443.
43, 179, 378619
List the prime factors of 568129191.
3, 7, 37, 731183
What are the prime factors of 417034276?
2, 17, 6132857
What are the prime factors of 26777480?
2, 5, 669437
List the prime factors of 29012772.
2, 3, 19, 127249
What are the prime factors of 43872569?
13, 23, 11287
List the prime factors of 273901534.
2, 223, 614129
List the prime factors of 440983164.
2, 3, 29, 1267193
List the prime factors of 1682666985.
3, 5, 71, 1579969
List the prime factors of 52239330.
2, 3, 5, 11, 13, 41
What are the prime factors of 30080435?
5, 7, 11, 23, 43, 79
List the prime factors of 438809907.
3, 47, 3112127
What are the prime factors of 46507506?
2, 3, 7751251
List the prime factors of 6384600454.
2, 3192300227
What are the prime factors of 2879952288?
2, 3, 29999503
What are the prime factors of 1263798728?
2, 151, 1046191
What are the prime factors of 108334874?
2, 41, 1321157
List the prime factors of 44128483.
7, 1621, 3889
List the prime factors of 242620165.
5, 41, 127, 9319
What are the prime factors of 2286487385?
5, 7, 13, 23, 41, 73
List the prime factors of 59616442.
2, 29808221
List the prime factors of 53713443.
3, 7, 79, 32377
What are the prime factors of 91986050?
2, 5, 13, 47, 3011
List the prime factors of 28796857.
1993, 14449
What are the prime factors of 40240114?
2, 61, 193, 1709
What are the prime factors of 90867529?
90867529
List the pri